4) - (-6)/4. What is the units digit of (3/3)/d*24?
2
Let t = -128 + 83. Let i be 6/t*-18*5. Suppose 4 = 2*n - i. What is the units digit of n?
8
What is the tens digit of 4/(-18) - 1000/(-45)?
2
Let v(f) be the first derivative of 4*f**3/3 - 4*f**2 + 4*f + 8. What is the units digit of v(4)?
6
Let q = 161 + -78. What is the units digit of q?
3
Let m(y) be the second derivative of y**3/6 + 3*y**2/2 + y. Let p be (-4)/(-6) - 13/(-3). What is the units digit of m(p)?
8
Suppose -18 = 5*h + 2. Let j = -25 + h. Let v = j - -46. What is the tens digit of v?
1
Let c(f) = -f**3 + 8*f**2 + 9*f + 3. Let z be c(9). Suppose d + d - o = 9, 2*d - z*o = -1. What is the units digit of d?
7
Suppose 0*i - i + a = -3, -3 = -2*i + a. Suppose 40 = 5*w + 5*f, 2*w - f = -i*f + 7. Suppose -w*j + 0 = -5. What is the units digit of j?
1
Suppose s = 0, -2*s + 12 = -z + 5*z. What is the units digit of z?
3
Let o = 1 + 1. Suppose -3*p + 2*b = 7*b - 8, o*p + 2*b = 8. What is the units digit of p?
6
Let n = -5 + 2. Let s = -3 - n. Suppose y - 2 + s = -3*b, 5*y = 2*b + 44. What is the units digit of y?
8
Suppose d - 4*d + 15 = 0. Suppose -d*t + 4*q + 33 = -14, 0 = -3*t + q + 31. What is the tens digit of t?
1
Let c(m) = m + 6. Let j be c(6). Suppose -4*x = -x - j. Suppose 4 = x*g - 4. What is the units digit of g?
2
Let h = -162 - -308. What is the tens digit of h?
4
Let k(w) = -w**3 + 8*w**2 - 7*w + 2. What is the tens digit of k(6)?
3
Let a(m) = m**3 - 11*m**2 - 14*m + 9. Let w be a(12). What is the units digit of (-10)/w + (-10)/(-3)?
4
Suppose 5*p = c - 0 - 13, -3*p - 6 = 0. What is the units digit of c?
3
Let l be (-1)/5 + 2/10. Suppose l + 1 = n, 3*u + 5*n - 11 = 0. Suppose u*o + 2*a - 18 = 0, 3*o + 22 = 5*o - 2*a. What is the units digit of o?
0
Let m(u) = 5*u - 5. Let j be m(6). Let x = 29 - j. What is the units digit of x?
4
Let a(i) = 4 - i**2 - 4*i + 2*i**2 - 5 - 2. Let o be a(4). Let l(f) = -f**3 - f**2 + 3*f + 4. What is the units digit of l(o)?
3
Suppose -230 = -0*r - 5*r. What is the units digit of r?
6
Suppose f = 1 + 2. Suppose 120 = f*o + o. Suppose 3 + o = 3*z. What is the units digit of z?
1
Let m(c) be the third derivative of 0 - c**2 + 1/12*c**4 + 0*c + 1/3*c**3 - 1/30*c**5 - 1/120*c**6. What is the units digit of m(-3)?
5
Let x(d) = d**2 + 2*d - 1. Let b be x(-3). Suppose 2*v - 8 = -b. What is the units digit of v?
3
Let l be (2/4)/((-1)/(-34)). Let c = 2 + l. Let a = c + -11. What is the units digit of a?
8
Let r = 12 + 65. What is the units digit of r?
7
What is the units digit of ((-82)/3)/(40/(-60))?
1
Suppose -43 = -4*p + 9. Let u(m) = p + m - 3*m + m. What is the units digit of u(9)?
4
Suppose -5*p = 4*g - 0*p - 181, -3*p + 236 = 5*g. What is the units digit of g?
9
What is the tens digit of 454/12 + (-13)/(-78)?
3
Let q = 13 + -8. Suppose -q*s + 51 = 5*x - 2*x, 3*x + s = 63. What is the tens digit of x?
2
Let q = -156 + 304. What is the units digit of q?
8
Suppose -4*k = k - 5*p - 485, 0 = 2*p - 4. What is the units digit of k?
9
Suppose 35 + 17 = 2*a. Suppose 4*x + 21 = 2*x - 5*l, -2*x - 4*l = 16. Suppose 4*s + x = a. What is the units digit of s?
6
Suppose 376 = 6*t - 2*t. What is the units digit of t?
4
What is the units digit of (-2*(-76)/8 + -3)/1?
6
Let t(m) = 8 - m**2 + 10*m - 3*m**2 + 3*m**2. What is the units digit of t(8)?
4
Let c = -6 - -14. What is the units digit of c?
8
Let a(m) = 2*m**2 - 4*m + 12. What is the units digit of a(7)?
2
Suppose 0 = -5*x - 4*v + 146, -2*v - 123 = -4*x + v. What is the tens digit of x?
3
Suppose 0*s + s = -1. Let f = s - -3. Suppose -f*a = -4*a + 2. What is the units digit of a?
1
Let s(a) be the second derivative of a**5/4 - a**4/6 + a**3/6 + 2*a. What is the units digit of s(1)?
4
Suppose 4*f = -2*v + 7*f - 35, -3*f + 5 = v. Let d be 22/(-4)*v + -2. Suppose y - 5*y + d = 5*j, 3*y - 3*j - 6 = 0. What is the units digit of y?
7
Let m = 14 - 12. What is the units digit of 6 - (-3 + m)*2?
8
Let w(b) = b**3 + b**2 - b + 2. Let f be w(-2). Let v be -1*2 - (f + -15). Suppose 0 = 5*x - v - 37. What is the tens digit of x?
1
Let t(j) = -2*j**3 + 2*j**2 + j + 1. Let c be t(2). Let i = c + 41. What is the tens digit of i?
3
Suppose -h = 2*r - 25, 3 = 3*r - 5*h - 15. Suppose -4*u = -0*u. Let p = u + r. What is the tens digit of p?
1
Suppose 3 = -v + 9. What is the units digit of v?
6
Let h(p) = p**2 - 3*p - 3. Let d be h(5). Let b(x) = x + 2 - d*x**2 - 2*x + 5*x**2 + x**3. What is the units digit of b(3)?
8
Let i be -42 + 0 + 0 + 0. Let a be (-2)/(-4)*i/(-3). Let h = a - 3. What is the units digit of h?
4
Let n be (-7 + 7)/(0 - -1). Let q = -2 + n. Let t = q - -7. What is the units digit of t?
5
Suppose -4*j = 2*z + 30, -7 = -4*z + 3*j - 23. Let n(a) = a**2 + 6*a + 2. What is the units digit of n(z)?
9
Let d = -80 + 85. What is the units digit of d?
5
Suppose 3*y = -1 - 2. Let p be y/((-3)/(1 + 8)). Suppose p*o = 18 + 12. What is the tens digit of o?
1
Let f(l) = l + 12. Let u be -9 - (0 + 0)/(-2). What is the units digit of f(u)?
3
Let s = 30 + -21. Let i be (-51)/s - (-4)/6. What is the units digit of (2 - i) + 2/1?
9
Let z(s) = -s**2 - 10*s + 13. What is the tens digit of z(-8)?
2
Let a(d) = -d**2 + 17*d - 13. Let f be a(17). Let m(q) = -4*q - 11. What is the units digit of m(f)?
1
Suppose -4*g + 5*s = -88, 3*g + 2*g = 4*s + 119. Suppose g = 3*j - 30. What is the tens digit of j?
1
What is the units digit of -1*(-1)/(-3 + 4)?
1
Suppose -10 = -7*c + 5*c. Suppose -3*j + n = -2*n - 39, 3*j = -c*n - 1. What is the units digit of 156/j + (-2)/(-4)?
0
Suppose 0 = -5*d + 3*h + 118 - 0, -d + 34 = 2*h. What is the tens digit of d?
2
Suppose -4*j + 64 = -128. What is the tens digit of j?
4
Suppose 0 = -4*a + 4*k - 4, -9 = -2*a - 5*k + 17. What is the units digit of a?
3
Let c be 3/1*(-16)/(-12). Let u be (-100)/3 - c/6. What is the units digit of u/(-2) + (-1 - -1)?
7
Let y = -1 + 1. Suppose 4*c = -y*c + 60. Suppose 0 = -2*i - i + c. What is the units digit of i?
5
Let h(i) = i**3 + 13*i**2 + 6*i + 9. What is the units digit of h(-5)?
9
Let s = 3 - -2. What is the units digit of s?
5
Let j = 308 - 154. What is the tens digit of j?
5
Suppose 376 = 5*o - o. What is the tens digit of o?
9
Suppose -8*x = 136 - 816. What is the units digit of x?
5
Let f(w) = -17*w + 4 + 2*w**2 - w**3 - 11 - 11*w**2 + 7*w. What is the units digit of f(-8)?
9
What is the hundreds digit of 1 + -1 + 2 + 486/2?
2
Let a(r) = -r**3 - 6*r**2 + 17*r + 13. What is the units digit of a(-9)?
3
What is the units digit of 95*-2*64/(-40)?
4
Let l(c) be the third derivative of c**5/30 + c**4/24 + 2*c**2. Let g be l(-1). Let b = g + 4. What is the units digit of b?
5
Suppose 0 = 3*m - 11 - 34. Suppose w + p - 8 = -5, w = 5*p + m. Suppose -23 = -5*t - f + w, 3*t - 4*f - 26 = 0. What is the units digit of t?
6
Let n = 92 + -2. What is the units digit of n?
0
Let g(v) = 41*v + 1. What is the units digit of g(1)?
2
Let q be 4/(-1*4)*0. Suppose 0 = -q*l + 5*l - 85. What is the tens digit of l?
1
Suppose -5*p = -2*h + 12, -3*p = h + p + 7. What is the units digit of h?
1
Let b = 15 + 0. Let g be (-4)/(-6) - (-5)/b. Let h = g - 0. What is the units digit of h?
1
Let t(b) = -b**3 + 8*b**2. Let h be t(8). Suppose 5*v - 3*f - 105 = h, -4*v + 2*v = 5*f - 73. What is the units digit of v?
4
What is the hundreds digit of 1087/9 + 10/45?
1
Suppose 28 = 2*j + 5*c - 0*c, 20 = 2*j + 3*c. Suppose -60 = j*h - 7*h. What is the tens digit of h?
2
Let i = 51 + 43. What is the units digit of i?
4
Suppose 3*i - 4*o - 39 = 0, -2*o = 3*o + 15. Suppose d = 4*y + 5, 0*y - i = 3*y + d. What is the units digit of (-1)/y*4 - -3?
5
Let a(y) = -y**2 - 6*y + 4. Let c be a(-6). Let z = c + 8. What is the units digit of z?
2
Suppose 2328 = 11*j - 3*j. What is the units digit of j?
1
Suppose 2*l = -f + 6*l + 41, 2*f - 3*l = 82. Suppose -3*u - 3*o + f = -o, 5*u + o - 73 = 0. What is the units digit of u?
5
Suppose -5*c = -c. Suppose 73 = -b + 5*b + 5*w, c = -4*b - 3*w + 63. What is the units digit of b?
2
Let f be (-9)/(-12)*(-24)/(-9). Let o be (0 - -6) + (-8)/4. Suppose 3*k + 6 = g, o = 2*g - f*k - 8. What is the units digit of g?
6
Let w(o) = -32*o + 10. What is the tens digit of w(-3)?
0
Suppose -2*a - a - 142 = -2*x, 3*x - 3*a - 207 = 0. What is the units digit of x?
5
Suppose -9*t = -